te n(15).
-25
Let c(k) = -k**3 + 3*k**2 - k - 2. What is c(2)?
0
Let j(p) = -p**2 + 9*p + 17. Calculate j(11).
-5
Let r(x) = -x + 6. Calculate r(8).
-2
Let t(u) = -u**2 - 7*u + 35. Calculate t(-8).
27
Let s(d) = -2*d**2 - 20*d + 25. Give s(-11).
3
Let n(s) = s**2 + 3*s - 6. Determine n(-9).
48
Let l(j) = -j**3 + 12*j**2 + 8*j - 32. Determine l(13).
-97
Let h(a) = -2*a**3 + 5*a**2 + 1. What is h(0)?
1
Let x(j) = 135*j - 141. Calculate x(1).
-6
Let p(m) = -10*m - 166. What is p(-17)?
4
Let q(p) = -p**3 + 8*p**2 - 7*p - 6. Give q(7).
-6
Let o(r) = -2*r**2 - 2. Determine o(2).
-10
Let i(y) = y**2 + 21*y + 36. Calculate i(-19).
-2
Let y(w) = -w**2 + 4*w - 8. Determine y(4).
-8
Let q(k) = -k**3 - 7*k**2 - 11*k + 6. Determine q(-5).
11
Let f(b) = 4*b**3 - 21*b**2 + 16*b + 22. Calculate f(4).
6
Let a(l) = -5*l - 8. What is a(13)?
-73
Let q(n) = 33*n + 12. What is q(-4)?
-120
Let k(i) = -i**2 + 44*i - 255. Calculate k(38).
-27
Let k(p) = p**3 + 8*p**2 - 34*p - 20. Calculate k(-11).
-9
Let v(u) = 5*u**2 - u - 3. Determine v(3).
39
Let w(u) = -u**2 + 26*u - 83. Determine w(22).
5
Let u(q) = -7*q + 1. Give u(0).
1
Let a(u) = -u**2 - 15*u + 247. What is a(10)?
-3
Let w(p) = 5*p + 28. What is w(-6)?
-2
Let i(z) = -2*z - 26. Give i(-12).
-2
Let k(r) = r**3 - 32*r**2 - 37*r + 130. Determine k(33).
-2
Let a(r) = r**2 - 19*r + 23. What is a(18)?
5
Let x(v) = 2*v + 2. Give x(-4).
-6
Let b(x) = -2*x - 6. What is b(12)?
-30
Let h(c) = c**3 - 18*c**2 + 9*c + 53. What is h(17)?
-83
Let k(a) = -34*a**2 - a. Give k(-1).
-33
Let u(a) = a**2 + 11*a + 23. Calculate u(-9).
5
Let n(m) = 4*m + 3. Determine n(4).
19
Let w(s) = -s**2 + 34*s + 84. What is w(35)?
49
Let b(j) = j**2 - 13*j - 2. Determine b(8).
-42
Let w(k) = k**3 + 6*k**2 + 4*k - 1. Give w(-6).
-25
Let f(j) = 2*j**2 - 8*j + 4. Calculate f(6).
28
Let t(i) = -4*i - 52. Calculate t(-11).
-8
Let f(s) = 7*s + 6. Calculate f(-3).
-15
Let s(y) = y - 19. Calculate s(5).
-14
Let b(t) = 16*t**2 - 9*t + 8. What is b(1)?
15
Let y(m) = 6*m**2 - 7*m + 3. What is y(5)?
118
Let d(b) = b**2 - 2*b - 163. What is d(-12)?
5
Let b(d) = -18*d - 18. Determine b(-4).
54
Let u(h) = 13*h + 63. Calculate u(-19).
-184
Let d(z) = -z**3 - 7*z**2 - 10*z + 7. Calculate d(-6).
31
Let x(p) = -p**3 - 59*p**2 - 3*p - 185. Calculate x(-59).
-8
Let p(i) = 16*i + 856. What is p(-53)?
8
Let h(j) = -j + 15. Determine h(8).
7
Let l(d) = -d**3 + 10*d**2 - 11. Calculate l(10).
-11
Let j(o) = 2*o**3 - o**2 - 4*o. What is j(2)?
4
Let p(w) = -w**3 + 6*w**2 - 2*w - 4. Determine p(5).
11
Let i(c) = -c**2 + 12*c - 41. Determine i(6).
-5
Let q(n) = -n**3 + 10*n**2 + 13. Give q(10).
13
Let t(q) = -q**3 + 8*q**2 + 19*q + 13. Give t(9).
103
Let l(h) = -h**3 - 6*h**2 - 4*h - 2. Calculate l(-5).
-7
Let q(o) = 24*o. What is q(-1)?
-24
Let y(u) = 21*u + 89. Determine y(-4).
5
Let y(z) = 2*z**3 - 17*z**2 + 5*z + 12. Calculate y(8).
-12
Let z(o) = -8*o + 18. What is z(7)?
-38
Let i(r) = 2*r**2 - 5*r + 1. Calculate i(1).
-2
Let l(f) = -2*f**2 + 7*f + 3. What is l(4)?
-1
Let i(n) = -n**2 + 27*n - 52. What is i(25)?
-2
Let b(p) = p**2 + 3*p - 18. What is b(-6)?
0
Let z(r) = 5*r**2 + 4*r + 4. Calculate z(-2).
16
Let o(y) = y**2 - 5*y - 65. Give o(11).
1
Let l(f) = -f**2 - f + 4. Determine l(6).
-38
Let l(y) = y**3 - 10*y**2 - 2*y - 2. Give l(10).
-22
Let w(d) = d. What is w(0)?
0
Let d(u) = -10*u - 33. What is d(-6)?
27
Let u(d) = -10*d**2 + d - 42. What is u(0)?
-42
Let u(h) = h**2 - 3*h + 2. Calculate u(4).
6
Let v(a) = -a**2 - 4*a + 14. Calculate v(-6).
2
Let i(g) = 107*g**2 - 2*g - 1. What is i(-1)?
108
Let v(n) = n**3 - 11*n**2 + 10*n + 6. Calculate v(10).
6
Let h(p) = p**2 - 8*p + 12. Determine h(7).
5
Let j(q) = q**2 - 6*q - 27. Determine j(-4).
13
Let r(v) = -2*v**2 - 21*v + 29. Determine r(-12).
-7
Let d(a) = 129*a**3 - a**2. What is d(1)?
128
Let c(w) = -w**2 + 8*w - 5. Determine c(4).
11
Let f(p) = 2*p**2 - 8*p - 60. Determine f(8).
4
Let g(d) = -4*d**2 - 42*d - 20. Determine g(-10).
0
Let x(h) = -h**3 - 9*h**2 - 18*h - 4. Determine x(-7).
24
Let p(g) = g**3 - 14*g**2 + 46*g + 9. Give p(6).
-3
Let p(y) = -2*y**3 + 2*y**2 - 16*y + 3. Give p(0).
3
Let b(o) = o + 1. Calculate b(-10).
-9
Let i(b) = -b**2 + 9*b + 4. What is i(5)?
24
Let l(a) = -3*a**2 + 22*a - 8. Calculate l(8).
-24
Let y(f) = -f**2 + 16*f - 21. What is y(12)?
27
Let x(c) = -8*c + 10. Give x(0).
10
Let z(l) = -l**2 + 21*l - 46. Give z(4).
22
Let f(t) = 3*t**3 - t**2 - t. Give f(-1).
-3
Let n(k) = -k**3 + 7*k**2 - 4*k - 8. Determine n(6).
4
Let l(j) = j**2 - 4*j - 195. Calculate l(16).
-3
Let h(q) = -q**2 + 67. Calculate h(0).
67
Let r(y) = y**3 + 8*y**2 - 4*y + 22. Give r(-9).
-23
Let q(f) = -f**3 - 11*f**2 - 15. What is q(-11)?
-15
Let k(h) = h**2 + 9*h + 12. Calculate k(-7).
-2
Let f(h) = 18*h - 82. Give f(4).
-10
Let i(m) = -m**3 - 7*m**2 + 7*m - 3. Give i(-8).
5
Let v(l) = -9*l + 14. Give v(3).
-13
Let y(c) = c + 7. Calculate y(-12).
-5
Let m(v) = -27*v**2 - 5*v + 4. Give m(1).
-28
Let r(o) = -o**3 + 2*o**2 - o - 2. Determine r(0).
-2
Let t(o) = 4*o**2 - 6*o + 2. Determine t(2).
6
Let g(k) = -k**3 - 5*k**2 - 3*k + 4. What is g(-3)?
-5
Let q(w) = 3*w**2 - 7*w + 11. Calculate q(4).
31
Let j(b) = -b + 4. Give j(7).
-3
Let m(k) = 3*k - 25. Determine m(7).
-4
Let r(z) = z**3 + 3*z**2 + 58*z + 110. What is r(-2)?
-2
Let i(f) = -27*f - 76. Give i(-3).
5
Let t(z) = -z + 1. Calculate t(0).
1
Let c(l) = -l**3 - 8*l**2 + 10*l + 5. Give c(-9).
-4
Let j(d) = 21*d + 7. Give j(-3).
-56
Let m(c) = c + 15. What is m(0)?
15
Let q(n) = n**3 - 6*n**2 - 27*n + 2. Calculate q(-3).
2
Let c(p) = p**3 - 10*p**2 - 9*p - 5. Calculate c(11).
17
Let v(x) = -x**2 - 5*x + 30. Calculate v(-9).
-6
Let j(r) = -r**3 + 9*r**2 + 10*r - 5. Determine j(10).
-5
Let s(c) = c**3 + 20*c**2 - c - 16. Determine s(-20).
4
Let t(m) = 70*m**2 - 4*m + 5. Determine t(1).
71
Let z(i) = i**3 - 3*i**2 + 4*i - 4. What is z(2)?
0
Let c(v) = -96*v - 495. Determine c(-5).
-15
Let l(x) = -5*x - 11. What is l(5)?
-36
Let f(o) = o + 6. What is f(0)?
6
Let q(o) = o**2 + 7*o - 9. Determine q(-8).
-1
Let y(z) = -z**2 - 11*z - 20. Give y(-9).
-2
Let q(n) = n**3 + 9*n**2 - 6*n + 25. Give q(-10).
-15
Let y(m) = -m**3 + 9*m**2 + 3*m - 21. What is y(9)?
6
Let j(b) = b**2 - 9*b + 10. Calculate j(9).
10
Let q(k) = -k**3 - 21*k**2 - 18*k + 37. Determine q(-20).
-3
Let i(a) = -8*a - 6. Give i(0).
-6
Let c(o) = -6*o**2 - 3*o + 3. Give c(1).
-6
Let s(t) = t**2 + 8*t + 7. Calculate s(-3).
-8
Let k(b) = -2*b**3 + 3*b**2 + 5*b + 2. Determine k(-1).
2
Let m(f) = f**2 - 4*f + 20. What is m(7)?
41
Let z(u) = -109*u + 773. Calculate z(7).
10
Let z(b) = -68*b + 446. Calculate z(7).
-30
Let o(k) = 8*k - 4. Calculate o(4).
28
Let s(k) = k**3 - 5*k**2 - 5. What is s(6)?
31
Let h(l) = 28*l - 227. Calculate h(7).
-31
Let s(p) = 13*p**2 - 4*p - 10. What is s(-2)?
50
Let i(y) = -y**3 - 19*y**2 + 2*y + 44. Calculate i(-19).
6
Let a(b) = b**3 - 3*b**2 + 3*b + 1. Determine a(3).
10
Let z(x) = -5*x - 20. Determine z(-5).
5
Let b(t) = t**3 + 22*t**2 - 47*t - 1. Give b(-24).
-25
Let n(s) = s**2 + 6*s - 4. Give n(-6).
-4
Let s(g) = -g**3 - 15*g**2 - 10*g + 57. Determine s(-14).
1
Let f(j) = -2*j**2 + 9*j - 12. Give f(7).
-47
Let r(k) = -k - 16. What is r(-8)?
-8
Let n(t) = -t**2 + 4*t + 5. What is n(10)?
-55
Let t(r) = -2*r**2 + 6*r + 11. Determine t(4).
3
Let v(r) = -r**3 - r**2 - 3*r + 3. Determine v(2).
-15
Let p(o) = -41*o**3 + 2*o**2 + 2*o + 1. Give p(-1).
42
Let x(r) = 3*r**3 - r**2 + r + 2. Give x(-1).
-3
Let i(f) = 2*f**3 - 10*f**2 - 3*f - 9. Determine i(6).
45
Let k(f) = f**2 - 95*f + 624. What is k(88)?
8
Let q(b) = -b - 2. What is q(-7)?
5
Let p(x) = -5*x - 42. What is p(-11)?
13
Let i(h) = 2*h + 1. What is i(-18)?
-35
Let y(i) = i**2 - 9*i + 22. What is y(5)?
2
Let x(l) = -10*l**2 + 2*l - 1. Determine x(-1).
-13
Let i(r) = -4*r + 13. Give i(-4).
29
Let w(p) = -7*p - 31. Determine w(-5).
4
Let j(f) = -6*f + 5. Determine j(-4).
29
Let v(f) = -2*f**3 + 2*f + 4. Calculate v(-2).
16
Let i(r) = 3*r**2 + 16*r - 11. Give i(-6).
1
Let q(j) = -11*j - 192. Give q(-18).
6
Let a(u) = -2*u**2 - 93*u - 134. Determine a(-45).
1
Let k(v) = 4*v - 40. Calculate k(0).
-40
Let w(x) = -3*x**2 + 71*x + 63. Determine w(25).
-37
Let d(b) = -2*b - 5. What is d(-12)?
19
Let p(v) = -v**3 + 2*v**2 + 5*v 